ist the prime factors of 786824849.
786824849
List the prime factors of 19162142.
2, 2237, 4283
List the prime factors of 12893766.
2, 3, 397, 5413
What are the prime factors of 221543031?
3, 17, 4343981
What are the prime factors of 13537663?
1997, 6779
List the prime factors of 73061476.
2, 269, 67901
List the prime factors of 6244557289.
5309, 1176221
List the prime factors of 188657742.
2, 3, 7, 13, 3797
What are the prime factors of 966396184?
2, 13, 251, 37021
What are the prime factors of 800546593?
7, 11, 10396709
List the prime factors of 456515755.
5, 19, 4805429
List the prime factors of 183298314.
2, 3, 1699, 17981
List the prime factors of 23422762.
2, 11, 1064671
What are the prime factors of 2325098495?
5, 19, 24474721
What are the prime factors of 1063212244?
2, 131, 449, 4519
What are the prime factors of 252292263?
3, 547, 153743
What are the prime factors of 3141255121?
17, 1373, 134581
What are the prime factors of 424533837?
3, 7, 13, 677, 2297
What are the prime factors of 4832570656?
2, 19, 31, 113, 2269
List the prime factors of 195313508.
2, 13, 3756029
What are the prime factors of 37049484?
2, 3, 3087457
What are the prime factors of 2554639427?
71, 2339, 15383
List the prime factors of 332055377.
101, 3287677
List the prime factors of 74846451.
3, 61, 408997
List the prime factors of 3925174406.
2, 1962587203
List the prime factors of 532842074.
2, 31, 8594227
What are the prime factors of 394585264?
2, 619, 39841
What are the prime factors of 38548261?
2647, 14563
What are the prime factors of 121480949?
6211, 19559
What are the prime factors of 12554019?
3, 1394891
What are the prime factors of 1121369912?
2, 13, 17, 29, 21871
What are the prime factors of 259067831?
11, 19, 151, 8209
What are the prime factors of 43010273?
43010273
What are the prime factors of 155734732?
2, 38933683
What are the prime factors of 116743240?
2, 5, 2918581
What are the prime factors of 275524026?
2, 3, 461, 99611
What are the prime factors of 37647880?
2, 5, 127, 7411
What are the prime factors of 300957473?
19, 43, 368369
What are the prime factors of 4152542704?
2, 259533919
List the prime factors of 46700260.
2, 5, 31, 75323
What are the prime factors of 61471292?
2, 15367823
List the prime factors of 2560742068.
2, 640185517
List the prime factors of 91820637.
3, 10202293
What are the prime factors of 799184281?
7, 197, 579539
What are the prime factors of 1107004461?
3, 1801, 204887
List the prime factors of 3314852017.
101, 32820317
List the prime factors of 1311213436.
2, 13, 193, 130651
List the prime factors of 35048310.
2, 3, 5, 11, 106207
List the prime factors of 187652464.
2, 11728279
List the prime factors of 2951857994.
2, 67, 109, 202099
List the prime factors of 95913376.
2, 13, 230561
List the prime factors of 934932733.
7, 113, 1181963
List the prime factors of 4603151156.
2, 1150787789
List the prime factors of 111962809.
7, 401, 39887
List the prime factors of 30546942.
2, 3, 43, 118399
List the prime factors of 3458752973.
13, 6863, 38767
What are the prime factors of 808804633?
7, 13, 181387
List the prime factors of 80731678.
2, 40365839
What are the prime factors of 208258788?
2, 3, 17354899
List the prime factors of 13330533.
3, 17, 19, 13757
List the prime factors of 260859379.
11, 19, 29, 193, 223
List the prime factors of 94241443.
94241443
What are the prime factors of 1954813998?
2, 3, 3307, 98519
What are the prime factors of 137971380?
2, 3, 5, 2299523
What are the prime factors of 893593427?
19, 47031233
List the prime factors of 3157153933.
29, 1097, 99241
List the prime factors of 17834341.
7, 53, 907
What are the prime factors of 37932811?
7, 59, 13121
What are the prime factors of 5965169517?
3, 662796613
List the prime factors of 171486510.
2, 3, 5, 13, 439709
List the prime factors of 104583851.
67, 1560953
List the prime factors of 5533990691.
421, 3361, 3911
List the prime factors of 90442901.
1597, 56633
What are the prime factors of 47941884?
2, 3, 1331719
List the prime factors of 903311472.
2, 3, 7, 384061
List the prime factors of 309954991.
191, 211, 7691
List the prime factors of 205947413.
7, 223, 131933
List the prime factors of 30856600.
2, 5, 41, 53, 71
What are the prime factors of 110952888?
2, 3, 41, 112757
List the prime factors of 2799992155.
5, 211, 2654021
List the prime factors of 135927601.
43, 3161107
List the prime factors of 35955428.
2, 79, 113783
List the prime factors of 1306702984.
2, 89, 1835257
What are the prime factors of 3544799229?
3, 393866581
List the prime factors of 266269266.
2, 3, 17, 870161
List the prime factors of 4553814.
2, 3, 758969
List the prime factors of 212662473.
3, 1229, 57679
List the prime factors of 279020596.
2, 69755149
What are the prime factors of 369589011?
3, 11, 191, 307
What are the prime factors of 515265699?
3, 13, 17, 777173
What are the prime factors of 1431575395?
5, 286315079
List the prime factors of 3006687403.
53, 56729951
What are the prime factors of 90789531?
3, 7, 4323311
What are the prime factors of 283310733?
3, 94436911
What are the prime factors of 36549214?
2, 13, 601, 2339
What are the prime factors of 30902317?
23, 1343579
List the prime factors of 219169942.
2, 109584971
What are the prime factors of 18457470?
2, 3, 5, 22787
What are the prime factors of 416336232?
2, 3, 13, 102647
List the prime factors of 1089121325.
5, 19, 2292887
List the prime factors of 191965047.
3, 227, 281887
List the prime factors of 519310375.
5, 19, 218657
What are the prime factors of 412688239?
6271, 65809
What are the prime factors of 262490846?
2, 17, 7720319
List the prime factors of 312029351.
312029351
List the prime factors of 47359253.
47359253
List the prime factors of 5254623556.
2, 7, 13, 2087, 6917
What are the prime factors of 600128739?
3, 7, 9525853
List the prime factors of 1912407335.
5, 23, 16629629
What are the prime factors of 71631532?
2, 7, 365467
What are the prime factors of 1000408319?
22381, 44699
What are the prime factors of 370262214?
2, 3, 7, 2938589
What are the prime factors of 800401474?
2, 3539, 113083
What are the prime factors of 3549809288?
2, 443726161
What are the prime factors of 540813456?
2, 3, 601, 2083
What are the prime factors of 63254961?
3, 7, 11, 97, 941
List the prime factors of 54789076.
2, 13697269
List the prime factors of 83848695.
3, 5, 7, 103, 7753
List the prime factors of 141862517.
67, 2117351
What are the prime factors of 21401165?
5, 709, 6037
What are the prime factors of 223347302?
2, 111673651
What are the prime factors of 30256085?
5, 59, 102563
What are the prime factors of 4355725?
5, 11, 47, 337
What are the prime factors of 7765640882?
2, 37, 677, 155009
What are the prime factors of 1447619214?
2, 3, 31, 233, 33403
List the prime factors of 248121444.
2, 3, 107, 173, 1117
List the prime factors of 2439783062.
2, 281, 4341251
What are the prime factors of 1265077412?
2, 316269353
What are the prime factors of 2375930685?
3, 5, 211, 227, 3307
What are the prime factors of 270704326?
2, 135352163
What are the prime factors of 292444892?
2, 37, 43, 45953
What are the prime factors of 937511722?
2, 7, 857, 78139
What are the prime factors of 3059782585?
5, 389, 1573153
List the prime factors of 31084322.
2, 631, 24631
What are the prime factors of 7601970037?
7601970037
List the prime factors of 3998554537.
19801, 201937
List the prime factors of 81325160.
2, 5, 7, 290447
What are the prime factors of 1099997642?
2, 37, 2731, 5443
List the prime factors of 148139315.
5, 2179, 13597
List the prime factors of 1963015927.
1459, 1345453
List the prime factors of 24617598.
2, 3, 17, 14197
List the prime factors of 747103712.
2, 19, 1228789
List the prime factors of 197582774.
2, 109, 906343
List the prime factors of 104933194.
2, 29, 1809193
List the prime factors of 671740535.
5, 19, 7070953
What are the prime factors of 832760981?
13, 109, 587693
What are the prime factors of 3173458947?
3, 1057819649
List the prime factors of 677321109.
3, 547, 15287
What are the prime factors of 970564430?
2, 5, 11, 31, 284623
List the prime factors of 233494453.
127, 1283, 1433
List the prime factors of 177315143.
177315143
What are the prime factors of 1346960555?
5, 293, 91